 - 3412?
-3406
In base 16, what is -1 + -2bec?
-2bed
In base 10, what is -1803 + -19?
-1822
In base 3, what is 12 + 1112110121210?
1112110121222
In base 13, what is -29c - 37?
-306
In base 9, what is -4 - 32056?
-32061
In base 2, what is 1111011 + -110010?
1001001
In base 3, what is -20201101121 + -111?
-20201102002
In base 15, what is 5 - 28a7?
-28a2
In base 13, what is 254a + 342?
288c
In base 15, what is 6a + 3dbe?
3e39
In base 4, what is 1313 + -2110213?
-2102300
In base 13, what is 1a51 - -186?
1c07
In base 5, what is 3 + 324432?
324440
In base 3, what is 100001022 + 2?
100001101
In base 3, what is -1010122111211 + -11?
-1010122111222
In base 6, what is 15 - 331254?
-331235
In base 4, what is -202 - 1210?
-2012
In base 8, what is 122 + 6050?
6172
In base 12, what is 2 + 1814?
1816
In base 10, what is 150 + -33?
117
In base 16, what is 8c7e + -2?
8c7c
In base 6, what is -102 + -3114?
-3220
In base 13, what is -582 - 2c?
-5b1
In base 2, what is 11000 + 1111001101100?
1111010000100
In base 6, what is 101422 - 0?
101422
In base 9, what is 104 - 2836?
-2732
In base 9, what is -77 - 10036?
-10124
In base 12, what is 110 - -8235?
8345
In base 12, what is 132602 + -a?
1325b4
In base 7, what is -12 + -112645?
-112660
In base 16, what is -6 + -2d36?
-2d3c
In base 10, what is 146021 + -9?
146012
In base 9, what is -435320 + -7?
-435327
In base 14, what is -5 - -37ac?
37a7
In base 6, what is -33510 - 52?
-34002
In base 14, what is 2 + 119db2?
119db4
In base 15, what is -9 - -919?
910
In base 2, what is -11 + -1111010101110001?
-1111010101110100
In base 15, what is -b1 + 1?
-b0
In base 14, what is -1bdcd6 + -6?
-1bdcdc
In base 11, what is -36945 + -a?
-36954
In base 13, what is -3 + 1599?
1596
In base 15, what is -dd2 + -6a1?
-1583
In base 9, what is -24272 - -2?
-24270
In base 6, what is 11 + -102115?
-102104
In base 5, what is -433 - 4404?
-10342
In base 14, what is 1b0b + 4?
1b11
In base 8, what is 17 - -223?
242
In base 6, what is 2030312 + 23?
2030335
In base 10, what is 5 - 16457?
-16452
In base 9, what is 470 - -284?
764
In base 10, what is 4584 - -234?
4818
In base 14, what is 0 + 1565?
1565
In base 13, what is 5367 - -9?
5373
In base 13, what is 56 + 1a85?
1b0b
In base 14, what is -391 - -1b?
-374
In base 12, what is 3 - -8b121?
8b124
In base 14, what is 179d2 + 0?
179d2
In base 6, what is 4 + -14221005?
-14221001
In base 10, what is 3456 - 8?
3448
In base 9, what is -53 - 222?
-275
In base 3, what is 0 + 21120101011?
21120101011
In base 12, what is 1601 + -5?
15b8
In base 2, what is 1111111010101101 - 10000?
1111111010011101
In base 13, what is -28 - -5594?
5569
In base 13, what is -610 + 1?
-60c
In base 4, what is 3330 - 1231?
2033
In base 5, what is 1242 - 12003?
-10211
In base 15, what is -2 + -48d4?
-48d6
In base 8, what is 1271416 + -10?
1271406
In base 14, what is 1 - 353?
-352
In base 15, what is -19 + -b451?
-b46a
In base 2, what is 1010 - 11000010101010?
-11000010100000
In base 7, what is 3 - 136424?
-136421
In base 5, what is -440311 - -4?
-440302
In base 4, what is -13 + -10102?
-10121
In base 6, what is -10 + 14125?
14115
In base 4, what is -100 + 13310322?
13310222
In base 6, what is 25 - 213510?
-213441
In base 14, what is -3a9 - 295?
-660
In base 2, what is 11011 + -1010001110?
-1001110011
In base 13, what is -4 + aa5b?
aa57
In base 16, what is -83 - cd?
-150
In base 10, what is 7224 - 361?
6863
In base 8, what is -153434 - 4?
-153440
In base 7, what is 113415 + -15?
113400
In base 3, what is -220110222 + 200?
-220110022
In base 13, what is -9b98 + 7?
-9b91
In base 8, what is 37 - -2643?
2702
In base 5, what is 12 + -4003204?
-4003142
In base 16, what is -9277 - 2?
-9279
In base 14, what is 5 - 2d823?
-2d81c
In base 8, what is 77316 + 2?
77320
In base 6, what is -2523200 + 32?
-2523124
In base 2, what is 1 - 100110000011011?
-100110000011010
In base 4, what is -30033110 + 0?
-30033110
In base 13, what is -486 - -11?
-475
In base 16, what is 0 + 2209?
2209
In base 7, what is 150 - -653?
1133
In base 10, what is 3 + 107074?
107077
In base 5, what is 112 + 2010204?
2010321
In base 9, what is -1477 + 36?
-1441
In base 13, what is -90939 + -4?
-90940
In base 14, what is -1759 - 92?
-180b
In base 14, what is -6 - -85147?
85141
In base 3, what is -12 - -12010210?
12010121
In base 11, what is 4 + 115708?
115711
In base 5, what is 11221131 - 4?
11221122
In base 15, what is -57d + 9?
-574
In base 6, what is -2 + 521000?
520554
In base 5, what is 2332 + 224?
3111
In base 13, what is -26678 - -2?
-26676
In base 11, what is 71773 + -3?
71770
In base 4, what is -12000 - -111?
-11223
In base 14, what is 5c - -c3c?
c9a
In base 2, what is -1111110 + -10111110001001?
-11000000000111
In base 15, what is -1bd - 8b?
-259
In base 9, what is 84 - -452?
546
In base 13, what is -398a3c + -3?
-398a42
In base 2, what is -110000001011001000101 + -101?
-110000001011001001010
In base 16, what is -a5aa - -4?
-a5a6
In base 9, what is 0 - 445?
-445
In base 16, what is -3 - 8954?
-8957
In base 16, what is -6af - 14?
-6c3
In base 12, what is 7 + -161?
-156
In base 4, what is -13 - 133031?
-133110
In base 13, what is -4ba + -58?
-545
In base 16, what is 1 - -28b9?
28ba
In base 3, what is -22 + -2000022?
-2000121
In base 8, what is -3 + -15521?
-15524
In base 5, what is -120441002 - -3?
-120440444
In base 3, what is -11202222 - -201?
-11202021
In base 4, what is 100330031 + 2?
100330033
In base 8, what is -111 + 2513?
2402
In base 6, what is -1135220 - -14?
-1135202
In base 16, what is e84 + -76?
e0e
In base 2, what is -1100110 + -1111101?
-11100011
In base 11, what is -26a655 + -2?
-26a657
In base 10, what is -3045 + 1?
-3044
In base 12, what is 784 + -29b?
4a5
In base 4, what is -2 - 12010103?
-12010111
In base 4, what is 101010 - -12331?
120001
In base 15, what is 4d41 - 3?
4d3d
In base 13, what is 2 - 14695?
-14693
In base 13, what is -10872 + -1?
-10873
In base 4, what is -3032020 + -3?
-3032023
In base 10, what is -34 - 630?
-664
In base 7, what is 10054 - 1611?
5143
In base 4, what is -2022 + 2201102?
2133020
In base 13, what is -5 - -29386?
29381
In base 6, what is 322452 + 3?
322455
In base 10, what is -1913 - 94?
-2007
In base 5, what is -202 + -13343?
-14100
In base 3, what is 1100002111120 - 12?
1100002111101
In base 8, what is 353 + 44?
417
In base 8, what is -740262 - -4?
-740256
In base 12, what is 656651 + 1?
656652
In base 13, what is -799 - 104?
-8a0
In base 3, what is 1020111 - -10212?
1101100
In base 4, what is 102300 + 2331?
111231
In base 11, what is 5 - 1a1a6?
-1a1a1
In base 12, what is -13 + 1818?
1805
In base 10, what is 235 + 1036?
1271
In base 12, what is 171b3 + 191?
17384
In base 14, what is 3 + 8a62?
8a65
In base 12, what is -2 - -198282?
198280
In base 5, what is -1 - -10420200?
10420144
In base 13, what is -1b58 + -18?
-1b73
In base 14, what is 48bb + 7?
48c4
In base 8, what is -3 + 623757?
623754
In base 13, what is -ca95b - -5?
-ca956
In base 10, what is 5 - 4423?
-4418
In base 16, what is -2 - cc8c?
-cc8e
In base 8, what is 1 - 1135740?
-1135737
In base 10, what is -1 - 69340?
-69341
In base 10, what is 1139 + -10?
1129
In base 8, what is 1 + 10126?
10127
In base 7, what is 5 + -102262?
-102254
In base 16, what is 2dbc - 14?
2da8
In base 4, what is -130103113 + 10?
-130103103
In base 5, what is 1131 - 143?
433
In base 3, what is -1 - -10210001111122?
10210001111121
In base 15, what is -2 + 7a81?
7a7e
In base 2, what is 11 + -1000100111001111?
-1000100111001100
In base 15, what is 9 + 508?
512
In base 10, what is 33436 + -4?
33432
In base 6, what is -13 + -13514?
-13531
In base 9, what is -163 + -1748?
-2022
In base 4, what is 122 - -210002?
210130
In base 4, what is 1000021 + 203?
1000230
In base 15, what is -5 + -160e61?
-160e66
In base 6, what is -2 - -221522?
221520
In base 9, what is -141 - 615?
-756
In base 16, what is 1 + 3305?
3306
In base 11, what is -15432 - 4?
-15436
In base 11, what is -146 + 131?
-15
In base 14, what is -102 - 103?
-205
In base 12, what is -1698 + -1a?
-16b6
In base 13, what is -3 + 6b12?
6b0c
In base 2, what is 111 + 101011011?
101100010
In base 7, what is 240 + -144?
63
In base 11, what is 16109 + -21?
16098
In base 10, what is -6202 - 2?
-6204
In base 3, what is 1022 + 11020?
12112
In base 9,